 - 3)
-5
Calculate 4 + 2 - (19 + 1 + -9).
-5
Evaluate 0 - (1 + 0 + -4) - 1.
2
What is the value of 0 + -1 + -2 + 5 + -7?
-5
What is (-14 - -10) + 0 + 3 + 1?
0
What is the value of 7 + -10 - (-8 - -5)?
0
What is the value of -11 + (2 - (1 + (-8 - -1)))?
-3
Evaluate 15 + -13 + 1 + -1.
2
Calculate -3 + -1 - ((-7 - -3) + -5).
5
Evaluate 2 + -1 + 2 + 0.
3
Evaluate -18 + 9 + 4 - -13.
8
(-2 - -5) + -5 - -1
-1
-2 - (3 + 5 + -11)
1
What is the value of 10 + -5 + 12 + -10?
7
(-3 - 1) + -1 + -2 - -5
-2
(-1 - 7) + -3 + 1 + 6
-4
What is -10 + (-4 - (-7 - 4))?
-3
What is the value of (3 - -6 - 5) + -7?
-3
What is the value of -1 + -11 + (-2 - -9)?
-5
Calculate -7 + 0 + 6 + -2.
-3
What is 4 + -1 + -5 + 6?
4
Evaluate -3 - (-1 + (-5 - -1)).
2
Calculate (7 + -6 - -1) + 0 - 7.
-5
1 - 0 - (4 + -1 + 1)
-3
Evaluate -2 + (-4 - -1 - 1) + 1.
-5
-4 + (-2 - -5) + 0
-1
What is the value of 6 - (4 - -8 - -3)?
-9
What is the value of 0 + (7 - 2) + -2?
3
Evaluate (-6 - -3) + (-8 - -6).
-5
Calculate 4 + -6 + -2 + -13 + 12.
-5
What is the value of 3 - (1 + 3 + 5)?
-6
-1 + (-1 - 0) + -2
-4
What is the value of -29 + 30 + -5 + 1?
-3
What is -5 - -1 - (-5 + 1)?
0
What is -7 + 1 + (-5 + 5 - -2)?
-4
What is 6 + -1 + (-8 - -4)?
1
What is (10 - 23) + 12 - (0 + -6)?
5
Calculate -9 - (3 - 8) - -6.
2
What is the value of (-12 - -6) + 18 + -9?
3
Calculate -10 + 3 + -4 + (12 - 6).
-5
Evaluate 4 - (5 - (5 - 8)).
-4
Evaluate 11 - (-3 - -9) - (-1 - 3).
9
Calculate -10 - ((4 - 6 - -4) + -6).
-6
Calculate 1 + 0 + 1 + 2.
4
Calculate -4 + 4 + -1 + 1.
0
What is 10 + -3 + 3 + -3 + -3?
4
What is (-226 - -227) + -4 + -1 + 0?
-4
What is the value of -2 - (-9 - (1 - 3))?
5
Calculate -9 - -9 - (8 + -5 + 3).
-6
6 + -4 - (10 + -2)
-6
Evaluate 8 - ((-3 - -3) + 4).
4
What is the value of -3 + -10 + 3 + 3?
-7
What is 0 + (1 - -5) + (41 - 43)?
4
(-2 - -7) + -1 + -1
3
Calculate 5 + -6 + 6 - 5.
0
Evaluate -125 + 135 - (1 + -1).
10
What is the value of -1 + 6 + -7 + (2 - 2)?
-2
What is 2 + -6 + -5 + 5?
-4
Calculate (20 - 2) + -11 - (-2 - -9).
0
(12 - 9) + (-1 + 4 - 12)
-6
Evaluate -9 + (3 - 3 - -8).
-1
Evaluate (-26 - -31) + 2 + -7 - 6.
-6
What is (10 + -7 - 8) + 11?
6
What is the value of (3 - (-2 + 7)) + 7?
5
What is 52 + -45 - (2 + 0)?
5
What is -1 - (-4 + -3 + -1 + 3)?
4
What is -20 - -14 - (1 + (0 - 9))?
2
-3 + (-11 - -12) + 6
4
(-15 - -15 - (3 + 1)) + 10
6
Calculate (15 - 2) + -5 + -1 + -3.
4
What is the value of 1 - (1 - (-1 + -4 + 4))?
-1
What is -2 - (0 + 4 + 2 + -11)?
3
Calculate 0 - (4 - 7) - (1 - -10).
-8
What is 1 + -2 + 0 - 2?
-3
Calculate -15 + 7 - (-2 + -9).
3
What is 9 + -12 + (2 - 0)?
-1
Evaluate 3 - -2 - (7 + 2).
-4
What is the value of 6 - 3 - (2 - (1 - 6))?
-4
Calculate -3 - ((2 - 10) + 1 + -1).
5
20 - (4 - (-4 + 4)) - 8
8
Calculate 4 - (7 + -7) - (-3 + 3).
4
Evaluate (25 - 23) + 2 + -1.
3
Evaluate -1 - -1 - (-1 - (-8 - -5)).
-2
What is 1 + (12 - 2) + -2 + -4?
5
What is the value of 5 + -14 + 14 + (2 - 5)?
2
What is the value of 19 + (-9 - 4) - (1 + -2)?
7
What is (-7 + 16 - 0) + -4?
5
-2 + (-1 - 3) + -1
-7
(-6 + 0 - -10) + -10 + 4
-2
13 - 17 - (0 - 0)
-4
Calculate 10 - (3 - 0) - 3.
4
Calculate -2 + 4 + 19 + -20 - 1.
0
(-6 - (-1 - 2)) + 5
2
Calculate 12 - (2 - -5) - -3.
8
Calculate (-2 - 9) + (68 - 55).
2
What is the value of 6 - (1 - (-13 + 3 - -5))?
0
What is 1 + 1 - ((-1 - -2) + 2)?
-1
Evaluate 0 + 3 + -4 + 5.
4
(8 - (-3 + 8)) + 1
4
Calculate 8 - ((7 - (1 - -1)) + 3).
0
What is the value of (5 - (1 - -7)) + 0?
-3
What is -2 + (1 - (-6 + 9))?
-4
Calculate -1 + 0 + -5 + (5 - 0).
-1
Calculate 9 - ((14 - 3) + -3) - 8.
-7
Calculate 0 - (2 - -1) - (-15 + 12).
0
What is the value of (-15 + 9 - (2 + -10)) + -2?
0
What is the value of (6 + -6 - -2) + 0?
2
1 + -8 + 19 + -16 + 1
-3
What is the value of 8 + -2 - (22 - 16) - -5?
5
What is the value of -1 + 3 + -2 + 2?
2
What is 3 - (0 + 0 + 7)?
-4
What is 3 + -2 - (-1 - (-8 - -6))?
0
-1 + 3 + (-4 - -3)
1
What is the value of 0 + 3 + -2 - (-2 + -1)?
4
What is the value of 0 + -2 - (0 + 5 - 6)?
-1
What is 5 + -1 + 1 - 2?
3
Evaluate (-7 - (-11 + 6)) + 1 + 5.
4
Evaluate -11 + (0 - -7 - 0).
-4
-4 + -2 + 4 + 1 + -3
-4
-11 - (4 - 8) - -3
-4
What is (-17 - -15) + 2 + (0 - 5)?
-5
-9 + (8 - -10) + -8
1
Evaluate -5 + 12 + (-1 - (3 + -2)).
5
What is the value of -2 + -3 + 6 + 0?
1
What is (15 + -1 - 9) + (9 - 3)?
11
What is the value of -23 + (-12 - -37) + (1 - -4)?
7
What is the value of 0 + (-3 - 6 - -4)?
-5
-5 + (2 + -7 - -5)
-5
Calculate -9 + -1 - 0 - -10.
0
What is the value of -2 + -2 + 3 + -2 + 2?
-1
Calculate -18 + 17 - (2 + 0 + 0).
-3
What is the value of (13 - 5) + 1 - 4?
5
1 + (3 - -2 - 5 - 7)
-6
What is (-7 - (-4 + 3)) + -1 + 6?
-1
Evaluate 3 - (3 + (-6 - -4)) - 1.
1
What is 5 + 2 + -6 - -4?
5
Evaluate 0 + 2 + -4 + -3.
-5
7 - (4 + -9 - -6)
6
What is the value of 4 + -1 - (12 - 10)?
1
3 + 4 + -11 + 7 + -1
2
What is the value of -1 + 3 + -1 + 2?
3
Calculate (7 - 2) + (-4 - (-1 + -1)).
3
What is -1 - (-15 - -6 - -3)?
5
4 + -6 + (-4 - (-3 + -8))
5
What is the value of 50 + -48 + (6 - 1)?
7
What is the value of 1 + -9 + (13 - 7)?
-2
What is (14 - (-3 - -5)) + -9?
3
Calculate -7 + -1 - (0 + -2 - 1).
-5
7 - 3 - (1 + 4)
-1
2 + 3 + 0 + (-1 - 0)
4
Calculate 10 + 0 - (-39 + 45).
4
What is the value of 12 + -5 - (1 + 3)?
3
What is the value of 8 - (7 - ((-3 - 2) + 8))?
4
What is (-8 - 7) + 24 - 14?
-5
What is -6 - 3 - (10 + -27)?
8
Evaluate -2 - (-1 + 8 + -6).
-3
Calculate 3 + (-6 - -2) + 2.
1
What is 3 - (4 + 4 + -7)?
2
What is the value of (-1 - (1 - -1) - -3) + 1?
1
What is the value of 24 - 28 - ((0 - 2) + 4)?
-6
-2 + 6 + -4 - (-1 - -3)
-2
4 + (-1 - 0) - (-1 + 2)
2
What is the value of 7 - 16 - -5 - 1?
-5
What is -1 + 0 + -5 - -4?
-2
-5 + (7 - (-8 + 6))
4
What is the value of (1 - -2) + 1 - (-2 + 11)?
-5
What is the value of 0 + 3 - (-4 - 7 - -20)?
-6
What is 2 + 1 - (-1 + 0 + 6)?
-2
What is (-1 - 6) + 1 + 10 + -7?
-3
Calculate 11 - (6 - 2) - 3.
4
What is the value of 7 - (5 + -3 - -9)?
-4
-4 + 0 - (-24 - -24)
-4
(4 - (6 - 4)) + (-3 - 1)
-2
What is the value of -5 + -3 + -4 + (2 - -3)?
-7
Evaluate 0 - (-4 - 4) - 14.
-6
What is (7 - 13) + 2 + 1?
-3
(-1 - 13) + -137 + 144
-7
What is the value of 2 - ((0 - 1) + (11 - 8))?
0
What is the value of 3 + -2 - (4 + -1 + 3)?
-5
What is the value of -4 + 0 - (6 + -5)?
-5
What is the value of 2 + (-2 - 2) - -4?
2
Calculate 6 + 6 + -6 - 4.
2
Calculate 5 - (-5 - (3 + -14)).
-1
2 - (-2 - (4 + -10)) - 2
-4
Calculate -2 - (-2 - (-3 + -5) - 8).
0
-2 - (0 - 4) - 2 - 1
-1
What is the value of (-2 - (6 + -9)) + 2 + -1?
2
What is (0 - -3 - (18 - 10)) + 4?
-1
3 - (0 + 3 + -5)
5
2 - (0 + 3) - (-5 + 0)
4
What is 3 - (15 - 2) - -6?
-4
Evaluate -3 - (0 + 0 + 0).
-3
Evaluate 0 - (-1 + (0 - (-4 - 0))).
-3
What is -4 + -6 + 2 + (5 - 1)?
-4
Calculate -9 - (-6 + -14 - -5).
6
Calculate 4 - (10 - (5 - 1)).
-2
What is (7 + -9 - -1) + (-1 - -7)?
5
Evaluate -2 - (-5 + 0 + 4 - 0).
-1
Evaluate -4 + (0 - 0) + 2 + 9.
7
Evaluate 2 + -2 + 3 + 1.
4
What is the value of 0 - 3 - (-8 - -9) - 1?
-5
Evaluate -1 + 0 + (-2 - (2 - 7)).
2
Evaluate 4 - 5 - -4 - 8 - -7.
2
Evaluate 7 - 9 - -10 - 10.
-2
What is 2 + 6 + 0 + -4?
4
Evaluate 13 + (12 - 22) - -6.
9
Evaluate -3 + 5 - (-2 + -2).
6
What is (1 - -5) + 19 + -23?
2
Evaluate 8 - 17 - (-1 - (0 - -4)).
-4
Calculate 15 + -12 - (5 - 0).
-2
Calculate -3 + (2 - -2) + 1.
2
11 + (9 - 25 - -6)
1
What is 1 + -2 + 0 - (7 - 5)?
-3
-3 + (0 - -4 - (1 + 1))
-1
Evaluate 2 - (-3 - ((-2 - -2) + -1)).
4
Calculate 8 + (-11 - 1) + 2.
-2
Calculate 3 - ((-12 - -6) + 7).
2
Evaluate (-4 - (2 + 1 - 3)) + 0.
-4
Evaluate (7 - -1 - (-21 + 21)) + -3.
5
What is 4 + 1 + -2 - -2?
5
-5 - (2 - (8 - 3))
-2
-1 + (0 - 2 - -3) - 0
0
What is 1 + (1 - -8 - 6)?
4
What is the value of (20 - 19) + -1 + -1 + 6?
5
Evaluate (-3 - -4) + (-1 + 1 - 3).
-2
What is the value of 5 + -4 + -6 + 5?
0
Evaluate -1 - 2 - (-4 + (-7 - -6)).
2
Evaluate (-5 - -8) + -2 + 9.
10
What is the value of (-1 - -7) + 6 + -17?
-5
What is (-4 - -4 - (-1 + -2)) + -3?
0
6 - ((-5 - -5) + 5)
1
3 + -1 - (2 + 12 + -7)
-5
What is the value of -3 + 15 + -2 + -5?
5
What is the value of 7 + 1 + (5 - (-9 + 17))?
5
Evaluate 3 + (3 - 3) + -3 + -1.
-1
What is the value of 4 + 1 + (-9 - -5)?
1
Evaluate -8 - ((1 - 2) + -2).
-5
What is (-2 - 2) + (7 - -9) + -7?
5
What is (3 - (1 - -5)) + 7?
4
